7
Suppose 0*b + 24 = 3*b. Let z = b - 9. What is the units digit of (-3 - -17) + z - -2?
5
Let o(z) = -z**3 + 3*z**2 + 4*z - 5. Let j be o(4). What is the units digit of ((-164)/j)/((-2)/(-5))?
2
Suppose -5*j + o + 40 = -3*o, 4*j - 3*o - 31 = 0. Let a be (-8)/12 - (-8)/3. Suppose -57 = -a*t - j*d + 23, -2*d = 4*t - 130. What is the tens digit of t?
3
Let c be 8/(-12) - (-550)/6. Suppose 6 - c = -5*f. What is the units digit of f?
7
Let y(a) = 37*a - 1. Let w be y(-1). Let i = 68 + w. Suppose -5*o + o + i = h, h = 2*o - 12. What is the units digit of o?
7
Let k be (1 - -15)/(7 + -8). Let b = -12 - k. Suppose b*c - 103 - 41 = 0. What is the tens digit of c?
3
Let z(v) = v**3 + 6*v**2 - 4*v - 12. Let f be z(-5). Let d(w) = -31*w**2 + 9*w + 7 + f*w**2 + 3. What is the units digit of d(-6)?
8
Let c = 33 + -33. Let p(x) = -2*x**2 + 119. Let j be p(c). Suppose -j - 6 = -5*t. What is the units digit of t?
5
Let d(f) = f**2 - 13*f + 6. Let y = -8 + 20. Let k be d(y). What is the tens digit of (12 + -6)*k/(-2)?
1
Let h(w) = -9*w + 16*w - 9*w + 1. Let k be h(-2). Suppose 83 = k*b + 3. What is the units digit of b?
6
Suppose 0 = 23*k + 27*k - 193550. What is the tens digit of k?
7
What is the units digit of 784 + (2/(-3) - 1848/252)?
6
What is the tens digit of (-2 - 0)*(-151)/2?
5
Let w be (-3)/(-1)*13/13. Suppose w*q = -3*m + 105, -2*q + 5*m + 91 = -0*q. What is the tens digit of q?
3
Let s be 18/(-2)*1/(-3). Suppose -226 = 4*k - 238. Suppose -2*j + 4*l = -0*l - 88, -s*j - k*l + 177 = 0. What is the units digit of j?
4
Suppose -3*p + 48 = z + 2*z, 96 = 5*p - 3*z. Suppose -p*j = -16*j - 166. What is the tens digit of j?
8
Suppose -5 = 6*f + 7. What is the tens digit of (-86)/(-3)*(-3)/f?
4
Suppose -56 = -28*x - 0. What is the units digit of x?
2
Let m(d) = 0*d**3 + 45 - d**3 + 38 - 2*d + 85. What is the tens digit of m(0)?
6
Suppose 28*x - 24017 = 24395. What is the hundreds digit of x?
7
What is the hundreds digit of (-5 - 7/2)/((-5)/110)?
1
Suppose -2081 - 74 = -5*x. What is the hundreds digit of x?
4
Suppose u - 465 = -2*g, 3*g + 9*u - 4*u - 701 = 0. What is the units digit of g?
2
Suppose 4*z = -z + 35. Suppose b + 360 = z*b. What is the units digit of b?
0
Let a(g) = -164*g - 111. What is the thousands digit of a(-16)?
2
Suppose -l - g = -3, -3*l - 6 = -4*l - 4*g. Suppose 6*f + l*f = 1984. What is the hundreds digit of f?
2
What is the units digit of 5/(15/1492) + 5/(-15)?
7
Suppose 23 = -4*t + v, 7 = 5*t - 6*t - v. Let n be (28/6)/(2/3). Let x = t + n. What is the units digit of x?
1
Suppose 13591 - 38735 = -28*u. What is the tens digit of u?
9
Let h(f) = -f**2 - 12*f + 9. What is the units digit of h(-7)?
4
Suppose -112*o = -86*o - 24102. What is the tens digit of o?
2
Suppose 4 = -i - 5. Let q = -9 - i. What is the units digit of (-1)/(-3)*(30 - q)?
0
Let c be 2/(-4)*1*-26. Suppose -4 = -4*o + 2*o, 7 = r + o. Suppose -2*b + r = -c. What is the units digit of b?
9
Suppose -7*o = -5*o - 14. Let q(s) = s**3 - 8*s**2 + 8*s - 2. Let m be q(o). Suppose m*h = -k + 35, -2*h = k - 4*h - 21. What is the tens digit of k?
2
Suppose 3*n = -5*a + 249, -8*n + a = -6*n - 166. What is the units digit of n?
3
Let g = -55 + 580. Suppose g = -4*t + 7*t. What is the hundreds digit of t?
1
What is the thousands digit of -2*(-3)/51 + (-102096)/(-51)?
2
Suppose -y = -3*r - 2*y + 2220, 0 = -5*r - 7*y + 3684. What is the units digit of r?
1
Suppose -14 = -4*b - 2. Let u(o) = 19*o + 4. Let z be u(b). Suppose -z + 197 = 4*m. What is the units digit of m?
4
Suppose 0 = -3*t - 11 + 521. Suppose -g = 2*g - i - t, -3*g + 168 = -3*i. What is the units digit of g?
7
Let a be 15/(-10)*(-4)/(-6). What is the tens digit of a/(-2)*40/5 - -64?
6
Let p be (-10)/(-15) - 570/(-9). Let i = 66 + p. Suppose -7*o = -5*o - i. What is the tens digit of o?
6
Let w be 1 - (280/(-8) + 9/3). Suppose -w = 5*k - 233. What is the units digit of k?
0
Suppose -4147 = -4*n - a, -4*a - 1483 = -2*n + 595. What is the hundreds digit of n?
0
Suppose o + 5*d = 90, -5*o + 360 = 3*d - 2. What is the units digit of o?
0
Let g(t) be the first derivative of -23*t**2/2 - 3*t + 14. What is the tens digit of g(-3)?
6
Let o be -3 - -3*(2 + -3). What is the tens digit of 4 - 241/(-7) - o/(-14)?
3
Suppose 5*a - 7 = 3*d, -3*d = -a - a + 10. Let q(l) = -211*l + 3. What is the hundreds digit of q(a)?
2
Suppose -39*z = -32*z - 1582. What is the tens digit of z?
2
What is the hundreds digit of (-220)/(-495)*(3897 + 0)?
7
Let l(g) = -g + 12. Suppose -28 = -0*q + 2*q. What is the tens digit of l(q)?
2
Suppose 0 = 2*q + 2*g - 2450, -6*q = -11*q + g + 6131. What is the tens digit of q?
2
Let r = 5036 + -2808. What is the units digit of r?
8
Suppose 2*x - 588 - 4412 = 0. What is the tens digit of x?
0
Let v(g) = 147*g**2 - 6*g - 1. What is the hundreds digit of v(2)?
5
Suppose 10*r - 5*r + 3*m - 3163 = 0, m = 2*r - 1274. What is the hundreds digit of r?
6
What is the tens digit of 7 + 1*(2 + 130)?
3
Let g = 1 - -4. Suppose -g*h = -10*h + 145. What is the tens digit of h?
2
Suppose o - 3*a - 25 = -7*a, 0 = -2*o + 5*a - 15. Suppose o*s - 322 = -2*s. What is the units digit of s?
6
What is the hundreds digit of (12 + (-26)/1)*(-382)/4?
3
Suppose -w = w - 6. Suppose -4*i = 16, 2*i + 8 = -6*v + 4*v. Suppose v = 8*h - w*h - 180. What is the tens digit of h?
3
Let l(z) = 29*z**2 - 12*z - 29. What is the tens digit of l(-8)?
2
What is the units digit of -469*(-4 + (-198)/(-63))?
2
Suppose -121 = 22*a - 7689. What is the tens digit of a?
4
What is the thousands digit of (-2 + -34)/((-4540)/412 + 11)?
1
Suppose -169*y = -176*y + 2709. What is the units digit of y?
7
Let a(h) = 5*h**2 - 15 - 3 + 13*h - 4*h**2 - 2*h**2. Let f(p) = -2*p**2 + 26*p - 35. Let z(s) = -5*a(s) + 3*f(s). What is the units digit of z(10)?
5
Let k(o) = 45*o**2 + o. Let j be k(1). Let a(f) = -f**3 - 6*f**2 + 10*f - 10. Let n be a(-7). Let g = j + n. What is the units digit of g?
5
Let r = -34 - -31. What is the tens digit of -3 + r + 2 - -45?
4
Suppose 0*k = -k + 24. Suppose -u - 2*c + 3*c + k = 0, -2*c = 5*u - 141. What is the units digit of u?
7
Let m(z) = -40*z + 11. What is the units digit of m(-13)?
1
Suppose -5*k = -2*c + 1675, 3*c + 0*c = -4*k + 2524. What is the units digit of c?
0
Let g be (3/1)/(-3)*-1. Let a = g + -3. What is the tens digit of 49/3 - a/3?
1
Suppose 0 + 6 = 3*q. Suppose h - 4*h = -q*k + 57, h = 4*k - 9. Let z = -2 - h. What is the units digit of z?
9
Let r(s) = -20*s - 24. Suppose -3*v - 2*v + 16 = -y, -4*v - 10 = 3*y. What is the tens digit of r(y)?
9
Let l(w) = w**3 + w**2 + 2. Let x = -4 + 17. Suppose x + 15 = 7*a. What is the tens digit of l(a)?
8
Let g = -387 - -248. Let z = 214 + g. What is the units digit of z?
5
Let z = 808 + -169. Let y = -315 + z. What is the units digit of y?
4
Suppose 8 = -5*r - 2. Let x = r - -3. What is the tens digit of 2 + 0/x + 34?
3
Let x = 94 + -66. Let s = 2 + x. What is the units digit of s?
0
Suppose -9*j - 2540 = -13*j + 4*v, -1913 = -3*j + 5*v. What is the units digit of j?
1
Let b = 651 + -335. Suppose 3*w = o + b - 86, 374 = 5*w + 3*o. Let x = w + -49. What is the units digit of x?
7
What is the hundreds digit of (1 + 1 - -1) + (-3 - -823)?
8
Let u(k) = 13*k**2 - 39*k - 37. Let l(i) = -7*i**2 + 19*i + 19. Let f(n) = 7*l(n) + 4*u(n). What is the tens digit of f(10)?
5
Let i(k) = -9*k + 1. Let j be i(-1). Suppose 2*r + 4 = -5*g, -5*g = -4*r - r - j. What is the units digit of (0 + r)/(2/(-8))?
8
Let b = -49 - -113. Suppose -b*i + 69*i = 275. What is the units digit of i?
5
Suppose -3*o + 1866 = -2*l - 2473, 3*o - 3*l - 4338 = 0. What is the units digit of o?
7
Let u = -29 + 29. Suppose u = -4*c + 308 + 8. What is the units digit of c?
9
Suppose 59*q = 13*q + 66148. What is the units digit of q?
8
Let n(p) be the first derivative of p**4/4 + 7*p**3 + 10*p**2 + 28*p - 13. What is the units digit of n(-20)?
8
Let j(p) = -8 + 4 + 4*p - 1 - 3*p - 9*p**2 + p**3. What is the units digit of j(9)?
4
Let t(o) = -o + 6. Suppose 9 = -3*y, -3*u + u + 4*y = -18. Let v be t(u). Suppose -4*w = 2*g - 30, 3*w + 33 = v*g - 3. What is the tens digit of g?
1
Let c = 21 - 20. Let r be 3 - (-105 - -2 - c). Let q = r + -74. What is the tens digit of q?
3
Let w = 2 + 67. Let f = 12 + w. What is the tens digit of f?
8
Sup